{"version":"1.0","provider_name":"L\u2019Immobili\u00e8re du Parc - R\u00e9seau Entreprise","provider_url":"https:\/\/www.immoparc.fr\/reseau_entreprise","author_name":"Micka\u00ebl Rivoal","author_url":"https:\/\/www.immoparc.fr\/reseau_entreprise\/author\/mickael-rivoal\/","title":"Accueil - L\u2019Immobili\u00e8re du Parc - R\u00e9seau Entreprise","type":"rich","width":600,"height":338,"html":"<blockquote class=\"wp-embedded-content\" data-secret=\"oZM5R7ic1J\"><a href=\"https:\/\/www.immoparc.fr\/reseau_entreprise\/\">Accueil<\/a><\/blockquote><iframe sandbox=\"allow-scripts\" security=\"restricted\" src=\"https:\/\/www.immoparc.fr\/reseau_entreprise\/embed\/#?secret=oZM5R7ic1J\" width=\"600\" height=\"338\" title=\"\u00ab\u00a0Accueil\u00a0\u00bb &#8212; L\u2019Immobili\u00e8re du Parc - R\u00e9seau Entreprise\" data-secret=\"oZM5R7ic1J\" frameborder=\"0\" marginwidth=\"0\" marginheight=\"0\" scrolling=\"no\" class=\"wp-embedded-content\"><\/iframe><script type=\"text\/javascript\">\n\/* <![CDATA[ *\/\n\/*! This file is auto-generated *\/\n!function(d,l){\"use strict\";l.querySelector&&d.addEventListener&&\"undefined\"!=typeof URL&&(d.wp=d.wp||{},d.wp.receiveEmbedMessage||(d.wp.receiveEmbedMessage=function(e){var t=e.data;if((t||t.secret||t.message||t.value)&&!\/[^a-zA-Z0-9]\/.test(t.secret)){for(var s,r,n,a=l.querySelectorAll('iframe[data-secret=\"'+t.secret+'\"]'),o=l.querySelectorAll('blockquote[data-secret=\"'+t.secret+'\"]'),c=new RegExp(\"^https?:$\",\"i\"),i=0;i<o.length;i++)o[i].style.display=\"none\";for(i=0;i<a.length;i++)s=a[i],e.source===s.contentWindow&&(s.removeAttribute(\"style\"),\"height\"===t.message?(1e3<(r=parseInt(t.value,10))?r=1e3:~~r<200&&(r=200),s.height=r):\"link\"===t.message&&(r=new URL(s.getAttribute(\"src\")),n=new URL(t.value),c.test(n.protocol))&&n.host===r.host&&l.activeElement===s&&(d.top.location.href=t.value))}},d.addEventListener(\"message\",d.wp.receiveEmbedMessage,!1),l.addEventListener(\"DOMContentLoaded\",function(){for(var e,t,s=l.querySelectorAll(\"iframe.wp-embedded-content\"),r=0;r<s.length;r++)(t=(e=s[r]).getAttribute(\"data-secret\"))||(t=Math.random().toString(36).substring(2,12),e.src+=\"#?secret=\"+t,e.setAttribute(\"data-secret\",t)),e.contentWindow.postMessage({message:\"ready\",secret:t},\"*\")},!1)))}(window,document);\n\/\/# sourceURL=https:\/\/www.immoparc.fr\/reseau_entreprise\/wp-includes\/js\/wp-embed.min.js\n\/* ]]> *\/\n<\/script>\n","description":"[vc_row equal_height=\u00a0\u00bbyes\u00a0\u00bb content_placement=\u00a0\u00bbmiddle\u00a0\u00bb bg_type=\u00a0\u00bbbg_color\u00a0\u00bb bg_override=\u00a0\u00bbfull\u00a0\u00bb bg_color_value=\u00a0\u00bb#556163&Prime;][vc_column width=\u00a0\u00bb1\/2&Prime;][vc_images_carousel images=\u00a0\u00bb177,176&Prime; img_size=\u00a0\u00bbfull\u00a0\u00bb onclick=\u00a0\u00bblink_no\u00a0\u00bb autoplay=\u00a0\u00bbyes\u00a0\u00bb hide_pagination_control=\u00a0\u00bbyes\u00a0\u00bb hide_prev_next_buttons=\u00a0\u00bbyes\u00a0\u00bb wrap=\u00a0\u00bbyes\u00a0\u00bb css=\u00a0\u00bb\u00a0\u00bb][\/vc_column][vc_column width=\u00a0\u00bb1\/2&Prime; el_id=\u00a0\u00bbtexte_presentation\u00a0\u00bb][vc_column_text css=\u00a0\u00bb\u00a0\u00bb]Install\u00e9e face \u00e0 l\u2019Odet et au Mont-Frugy sur l\u2019une des plus belles rues de la capitale de Cornouaille, l\u2019Immobili\u00e8re du Parc est une entreprise locale ind\u00e9pendante affili\u00e9e FNAIM et proposant divers services li\u00e9s au m\u00e9tier de l\u2019immobilier, adapt\u00e9s [&hellip;]"}

L’Immobilière du Parc - Réseau Entreprise

Mickaël Rivoal

Accueil - L’Immobilière du Parc - Réseau Entreprise

<blockquote class="wp-embedded-content" data-secret="oZM5R7ic1J"><a href="https://www.immoparc.fr/reseau_entreprise/">Accueil</a></blockquote><iframe sandbox="allow-scripts" security="restricted" src="https://www.immoparc.fr/reseau_entreprise/embed/#?secret=oZM5R7ic1J" width="600" height="338" title="« Accueil » &#8212; L’Immobilière du Parc - Réseau Entreprise" data-secret="oZM5R7ic1J" frameborder="0" marginwidth="0" marginheight="0" scrolling="no" class="wp-embedded-content"></iframe><script type="text/javascript">
/* <![CDATA[ */
/*! This file is auto-generated */
!function(d,l){"use strict";l.querySelector&&d.addEventListener&&"undefined"!=typeof URL&&(d.wp=d.wp||{},d.wp.receiveEmbedMessage||(d.wp.receiveEmbedMessage=function(e){var t=e.data;if((t||t.secret||t.message||t.value)&&!/[^a-zA-Z0-9]/.test(t.secret)){for(var s,r,n,a=l.querySelectorAll('iframe[data-secret="'+t.secret+'"]'),o=l.querySelectorAll('blockquote[data-secret="'+t.secret+'"]'),c=new RegExp("^https?:$","i"),i=0;i<o.length;i++)o[i].style.display="none";for(i=0;i<a.length;i++)s=a[i],e.source===s.contentWindow&&(s.removeAttribute("style"),"height"===t.message?(1e3<(r=parseInt(t.value,10))?r=1e3:~~r<200&&(r=200),s.height=r):"link"===t.message&&(r=new URL(s.getAttribute("src")),n=new URL(t.value),c.test(n.protocol))&&n.host===r.host&&l.activeElement===s&&(d.top.location.href=t.value))}},d.addEventListener("message",d.wp.receiveEmbedMessage,!1),l.addEventListener("DOMContentLoaded",function(){for(var e,t,s=l.querySelectorAll("iframe.wp-embedded-content"),r=0;r<s.length;r++)(t=(e=s[r]).getAttribute("data-secret"))||(t=Math.random().toString(36).substring(2,12),e.src+="#?secret="+t,e.setAttribute("data-secret",t)),e.contentWindow.postMessage({message:"ready",secret:t},"*")},!1)))}(window,document);
//# sourceURL=https://www.immoparc.fr/reseau_entreprise/wp-includes/js/wp-embed.min.js
/* ]]> */
</script>

[vc_row equal_height= »yes » content_placement= »middle » bg_type= »bg_color » bg_override= »full » bg_color_value= »#556163&Prime;][vc_column width= »1/2&Prime;][vc_images_carousel images= »177,176&Prime; img_size= »full » onclick= »link_no » autoplay= »yes » hide_pagination_control= »yes » hide_prev_next_buttons= »yes » wrap= »yes » css= » »][/vc_column][vc_column width= »1/2&Prime; el_id= »texte_presentation »][vc_column_text css= » »]Installée face à l’Odet et au Mont-Frugy sur l’une des plus belles rues de la capitale de Cornouaille, l’Immobilière du Parc est une entreprise locale indépendante affiliée FNAIM et proposant divers services liés au métier de l’immobilier, adaptés [&hellip;]
